h - z - 356, 3*h - 4*z - 212 = 0. Is h a multiple of 22?
False
Let j = 30 - 6. Suppose u = 69 - j. Does 15 divide u?
True
Is (-24 + 4)*(-2 - -1) a multiple of 7?
False
Let f = 22 - -5. Is f a multiple of 9?
True
Suppose 12 = 3*w - 0, -5*f - 3*w = -37. Suppose -1 = f*v - 76. Let p = 41 - v. Is p a multiple of 13?
True
Suppose -20 = -3*f - 2*f. Suppose -m + 18 = f*p, p + 110 = 4*m - 2*p. Let t = m + -18. Is 8 a factor of t?
True
Let a = 97 + 1. Does 14 divide a?
True
Is 19 a factor of (-6)/(-21) + (-1195)/(-7)?
True
Is 411/15 + (-6)/15 even?
False
Let d = -2 - -17. Is 4 a factor of d?
False
Let s(f) = -f**3 - f**2 - 5*f - 1. Is s(-4) a multiple of 15?
False
Suppose 5*h = 3*k - 13, -2*h - 22 = -4*k - 0*h. Let t be ((-4)/k)/((-3)/9). Is 1/t - (-138)/4 a multiple of 12?
False
Suppose -24 = -2*x + 3*k, 0 = -2*x - 0*k + k + 28. Is x even?
False
Suppose 3*k = -n + 112, -2*k - 5*n + 92 = -0*n. Is k a multiple of 6?
True
Is -4 + 5 + 4*1 a multiple of 5?
True
Suppose 0 = 4*o + 20, -2*y - o + 5 = -142. Is y a multiple of 19?
True
Let o be (-3)/(-3)*2 + -3. Is 8 - (9/(-3) - o) a multiple of 5?
True
Let g = 80 + -22. Suppose 5*r + 2*o = 4*o + 428, -5*o - 104 = -r. Let v = r - g. Does 13 divide v?
True
Suppose 174 = 4*q - 142. Let r = -52 + q. Is r a multiple of 9?
True
Let v be (17/(-2))/((-3)/18). Suppose -3 = -2*n - 3*y - v, -5*y + 24 = -n. Is (n/(-10))/((-2)/(-5)) a multiple of 6?
True
Let s be 10/3*(1 - 31). Let r(j) = j**2 + 6*j + 2. Let p be r(-7). Does 17 divide s/(-6) - (-3)/p?
True
Suppose 2*r + 38 = 3*j, 10 + 2 = 2*j + 2*r. Is j/3*(-24)/(-20) a multiple of 4?
True
Let k be 9/4 - 4/16. Suppose 70 = 4*v - k*v. Is 6 a factor of v?
False
Does 8 divide 112/(-3)*6/(-4)?
True
Let a(b) = b**2 - 3*b - 2. Let i be a(4). Suppose -3 = -d + i. Is d a multiple of 2?
False
Let c(l) = -6*l**2 + 19*l - 16. Let k(b) = -b**2 + 4*b - 3. Let n(z) = -2*c(z) + 11*k(z). Is n(-9) a multiple of 13?
True
Let p(y) = -y**3 + 3*y**2 - y + 3. Let l be p(3). Let u(q) = -q + 99. Let c be u(l). Suppose -5*j + c = -66. Is j a multiple of 11?
True
Let t(u) = u + 175. Is 35 a factor of t(0)?
True
Let i = -1 + 1. Suppose 2*m - 4*x - 57 - 27 = 0, -4*x + 4 = 0. Let y = m - i. Is 22 a factor of y?
True
Suppose -2*n - 38 = -4*n. Does 2 divide n?
False
Suppose 15 = 3*l, 5*q - l + 6 = 21. Suppose -5*p + q*p - 48 = -y, 4*p - 8 = 0. Is 10 a factor of y?
True
Suppose 3*b + 3*w - 2 = 1, 4*b + 1 = -5*w. Let t(h) = -3 + 2 + 4*h - h. Is t(b) a multiple of 7?
False
Suppose 4*g + 13 = x, -5*g + 8*g = -3*x + 9. Is x a multiple of 2?
False
Suppose 10*g - 7 = 243. Is 8 a factor of g?
False
Let h(x) = x**2 + 2*x + 3. Suppose 0 = 2*p + 3*p + 3*a + 5, 2*p + 21 = -5*a. Suppose -11 = -5*d + p*c, -2*d - 4*c + 9 = -5. Does 10 divide h(d)?
False
Let x = -6 + 5. Let l = x + -5. Is 22 a factor of -6*(3 - (-63)/l)?
False
Suppose 12 = -4*r, 4*q = -0*r - 2*r - 2. Suppose 0 = -2*m - 3*l + 33, 2 = l - q. Let u = 19 - m. Is 7 a factor of u?
True
Let g = 179 - 158. Does 21 divide g?
True
Let g(i) = 10*i**2 + 2*i. Let d be g(-2). Let p be 4/(-18) - (-80)/d. Let s = p + 14. Is 16 a factor of s?
True
Let h(n) = -n**3 - 2*n**2 + 5*n. Let u be h(-4). Suppose -3*z - 54 = -u. Does 4 divide 60/14 - (-4)/z?
True
Let s(y) = -14*y. Let j be s(-1). Let m = j + -6. Is 4 a factor of m?
True
Let w = -37 - -60. Is 3 a factor of w?
False
Suppose w - 9 = 25. Does 12 divide w?
False
Let q = -322 - -480. Is 7 a factor of q?
False
Suppose -4*t = t - 3*z - 1, -z + 5 = t. Does 12 divide t/((-8)/3)*-16?
True
Suppose -y = -5*g - 2*y + 154, -5*g - 2*y = -153. Is 14 a factor of g?
False
Suppose 148 = -0*x - x. Does 9 divide x/4*(-2)/2?
False
Let n = 52 + 0. Does 13 divide n?
True
Does 13 divide 56 + (-2 - -4) + -1?
False
Let p be ((-24)/9)/(2/(-3)). Suppose p*m - 12 = 8. Suppose 10 = -m*u, 0 = -2*b + 7*b + 5*u - 25. Is 7 a factor of b?
True
Suppose 5*o - 20 = 5*y, 10*y - 3*o = 5*y - 22. Does 8 divide (-5 - y) + 22/1?
False
Let z be ((-240)/9)/(2/6). Let b = -32 - z. Does 12 divide b?
True
Let b(s) = 5*s + 9. Let u be b(-7). Let w = 12 - -28. Let j = w + u. Is 7 a factor of j?
True
Let c(a) = -5*a**2 - 6 - 2*a**2 + 7*a + a**3 + a**2. Let d be c(5). Suppose -94 = -6*l + d*l. Is 17 a factor of l?
False
Suppose 5*h = 5*g - 4*g - 12, g = 2*h + 3. Let i = 11 - g. Does 5 divide i?
False
Suppose 6 = 2*s + s. Suppose -i = -4*w + 21, -s*w + 4*w = 5*i + 33. Suppose -21 = -5*l + w. Is 4 a factor of l?
False
Let f = -198 - -313. Is 31 a factor of f?
False
Let h(z) be the first derivative of -1/4*z**4 - 3 - 7/2*z**2 + 8*z + 3*z**3. Does 14 divide h(8)?
False
Let h(m) = -m**3 + 18*m**2 + 6*m - 42. Is h(18) a multiple of 33?
True
Let v(q) = 4*q**2 + 3*q + 3. Is v(-3) a multiple of 12?
False
Suppose 0 = 3*z + u - 355, -z - u + 93 = -24. Is 19 a factor of z?
False
Is 15 a factor of (525/7)/3*96/10?
True
Let w be ((-1644)/8)/(-3)*2. Let j = -76 + w. Is 20 a factor of j?
False
Let g = -1 + 4. Suppose -g*q - 23 = -4*q. Is q a multiple of 6?
False
Suppose 3*a = -2*k - 20, -37 = 3*k + 3*a - 7. Let q = k - -21. Does 6 divide q?
False
Let y = 126 - 77. Does 12 divide y?
False
Is 29 a factor of 1096/(-10)*(-4 + 6/4)?
False
Suppose 4*w - 66 - 30 = -2*j, 3*j = -w + 149. Is j a multiple of 10?
True
Suppose o + 1 = 0, -2*w + 153 = 2*o - o. Let u = w - 53. Is u a multiple of 6?
True
Is 77*-1*(-4)/14 a multiple of 9?
False
Let b be (2 + 2 + 6)*2. Suppose 2*u + 5*f = f + b, 3 = f. Suppose -39 = -u*o - 11. Is 7 a factor of o?
True
Suppose 3*v - v = 4. Suppose -v*a + l - 15 = 0, -4*a - a = 4*l + 5. Does 12 divide (-44)/a*35/14?
False
Suppose 4*h - 41 = 183. Is 8 a factor of h?
True
Let v(n) = -n - 1. Let t be v(-5). Suppose -27 = -t*c + 129. Does 13 divide c?
True
Let r(i) = i**3 - 7*i**2 + 8*i - 9. Let l be r(6). Let n(x) = x**3 - 2*x**2 - 2*x + 2. Let j be n(3). Suppose -j*o + 16 = -l*o. Does 4 divide o?
True
Let p(d) = -7*d + 10. Does 14 divide p(-10)?
False
Let g(j) = j**3 + 13*j**2 - 9*j - 26. Is 13 a factor of g(-13)?
True
Let c = -7 - 5. Suppose 12 = z + 2*z. Let w = z - c. Is 13 a factor of w?
False
Let l(a) = 9*a**2 + 2*a - 1 + 5*a**2 - 3*a**2 + 2. Suppose 2*b + 4*p + 10 = -14, b = 4*p + 18. Is 20 a factor of l(b)?
False
Let d = -128 + 182. Let n(u) = -2*u. Let j be n(-2). Suppose -j*a + d = -a. Is 14 a factor of a?
False
Let z be -2 - -1 - 2/(-1). Let y be 1*z/1 + -21. Does 15 divide (30/(-8))/5*y?
True
Suppose -z = 4*n - 9, -3*n + 9 = z - 0*n. Let c = -4 + z. Is c even?
False
Let u = -18 - -28. Let c(q) = -q**2 + 15*q + 1. Let k be c(u). Is 12 a factor of (-12)/8 - k/(-2)?
True
Let c(u) = 11*u**2 - u. Suppose -3*d + 0*q = -4*q - 9, -4*q = 4*d + 16. Is c(d) a multiple of 12?
True
Let c be (2 - -3) + (0 - -1). Suppose -c*s + 3*p = -2*s - 67, -4*p = -12. Does 7 divide s?
False
Suppose 2*k = -244 + 660. Is 17 a factor of k?
False
Suppose 5*x - 202 = 3*x. Suppose -4*c + m - 6*m = -x, -85 = -5*c + 2*m. Is c a multiple of 5?
False
Let f(u) = -32*u + 5. Let p be f(-2). Let s = 35 - 84. Let k = s + p. Does 10 divide k?
True
Let k(t) = 0*t - 4*t - t**3 + 24 + t**2 + 2*t + 3*t. Is k(0) a multiple of 12?
True
Suppose 0 = 6*b - 54 - 30. Is b a multiple of 10?
False
Suppose -13 + 7 = 3*v. Is -1 + 25 + v/(-1) a multiple of 10?
False
Let l be (2 + -14)*(-6)/(-9). Let k(n) = -n**2 - 13*n - 10. Is 12 a factor of k(l)?
False
Suppose -4*c - 62 = -250. Let m be ((-3)/2)/((-5)/(-60)). Let d = c + m. Does 13 divide d?
False
Suppose -5*v + 78 = -m, 8 = 2*v + 5*m - 7. Does 8 divide v?
False
Let w(f) = -f**2 - 12*f - 7. Let p be w(-11). Suppose p*k - 6*k + 38 = 0. Does 5 divide k?
False
Let x(c) be the first derivative of c**4/4 - c**3/3 - c**2/2 + 54*c + 6. Does 15 divide x(0)?
False
Let w(s) = -2*s + 10. Let t be w(5). Suppose t = -4*m + 3*m + h + 15, 5*m - 4*h = 78. Does 18 divide m?
True
Let f(s) = -s**3 + 5*s**2 + 8*s - 3. Let c be f(6). Let p be ((-5)/(-5))/(2/6). Suppose -p*z = -45 + c. Is z a multiple of 10?
False
Let z(k) = -3*k**3 + 2*k**2 - 2*k + 4. Let h be z(3). Let w = 96 + h. Suppose 7*f - 3*f - 5*t = 41, 4*f - 3*t - w = 0. Does 4 divide f?
True
Suppose a = -3*i + 134, -5*i + 2*a - a = -218. Suppose 3*m = 5*o - 129, 5*o - 3*o - i = 5*m. Does 16 divide o?
False
Suppose 0*r + 2*r = 0. Let b = -8 + 8. Suppose 3*q + 4 = d - r, b = -5*d - q + 84. Does 8 divide d?
True
Suppose -2*